{"id":10569,"date":"2023-11-23T09:17:08","date_gmt":"2023-11-23T09:17:08","guid":{"rendered":"https:\/\/persianaschico.com\/_web\/?post_type=product&#038;p=10569"},"modified":"2024-06-20T10:39:17","modified_gmt":"2024-06-20T10:39:17","slug":"alicantina-de-plastico","status":"publish","type":"product","link":"https:\/\/persianaschico.com\/_web\/index.php\/producto\/alicantina-de-plastico\/","title":{"rendered":"Alicantina de Pl\u00e1stico"},"content":{"rendered":"<div class=\"woocommerce-tabs wc-tabs-wrapper\">\n<div id=\"tab-description\" class=\"woocommerce-Tabs-panel woocommerce-Tabs-panel--description panel entry-content wc-tab\" role=\"tabpanel\" aria-labelledby=\"tab-title-description\">\n<p>Persiana alicantina de pl\u00e1stico fabricadas con pvc de primera calidad y con una amplia gama de colores que combinaran en cualquier lugar donde se coloquen.<\/p>\n<p>La lama con la que est\u00e1n fabricadas las alicantinas de pl\u00e1stico es muy resistente a la intemperie tanto a la luz solar como a otros efectos clim\u00e1ticos.<\/p>\n<p>&nbsp;<\/p>\n<\/div>\n<\/div>\n","protected":false},"excerpt":{"rendered":"<ul>\n<li>M\u00ednimo a facturar 1,00 M2.<\/li>\n<li>M\u00e1ximo a fabricar de ancho 2,00 Mts.<\/li>\n<li>Las persianas partidas con un mismo montante se facturan como persianas individuales.<\/li>\n<li>Posibilidad de colocaci\u00f3n de freno (con un peque\u00f1o incremento en el precio).<\/li>\n<li>La bellota siempre va colocada sin coste adicional.<\/li>\n<li>Nuestra gama de colores ofrecen una amplia variedad de colores desde m\u00e1s claros a m\u00e1s oscuros, los colores que ofrecemos no var\u00edan su tonalidad, siempre son los mismos.<\/li>\n<\/ul>\n","protected":false},"featured_media":22077,"comment_status":"open","ping_status":"closed","template":"","meta":{"_joinchat":[]},"product_cat":[97,89,96],"product_tag":[],"class_list":{"0":"post-10569","1":"product","2":"type-product","3":"status-publish","4":"has-post-thumbnail","6":"product_cat-alicantina-de-plastico","7":"product_cat-alicantinas-de-plastico","8":"product_cat-persianas-alicantinas-de-plastico","10":"first","11":"instock","12":"shipping-taxable","13":"product-type-simple"},"_links":{"self":[{"href":"https:\/\/persianaschico.com\/_web\/index.php\/wp-json\/wp\/v2\/product\/10569","targetHints":{"allow":["GET"]}}],"collection":[{"href":"https:\/\/persianaschico.com\/_web\/index.php\/wp-json\/wp\/v2\/product"}],"about":[{"href":"https:\/\/persianaschico.com\/_web\/index.php\/wp-json\/wp\/v2\/types\/product"}],"replies":[{"embeddable":true,"href":"https:\/\/persianaschico.com\/_web\/index.php\/wp-json\/wp\/v2\/comments?post=10569"}],"version-history":[{"count":1,"href":"https:\/\/persianaschico.com\/_web\/index.php\/wp-json\/wp\/v2\/product\/10569\/revisions"}],"predecessor-version":[{"id":10573,"href":"https:\/\/persianaschico.com\/_web\/index.php\/wp-json\/wp\/v2\/product\/10569\/revisions\/10573"}],"wp:featuredmedia":[{"embeddable":true,"href":"https:\/\/persianaschico.com\/_web\/index.php\/wp-json\/wp\/v2\/media\/22077"}],"wp:attachment":[{"href":"https:\/\/persianaschico.com\/_web\/index.php\/wp-json\/wp\/v2\/media?parent=10569"}],"wp:term":[{"taxonomy":"product_cat","embeddable":true,"href":"https:\/\/persianaschico.com\/_web\/index.php\/wp-json\/wp\/v2\/product_cat?post=10569"},{"taxonomy":"product_tag","embeddable":true,"href":"https:\/\/persianaschico.com\/_web\/index.php\/wp-json\/wp\/v2\/product_tag?post=10569"}],"curies":[{"name":"wp","href":"https:\/\/api.w.org\/{rel}","templated":true}]}}